 - 6 = h + 3*y. What is the remainder when 39 is divided by h?
11
Let m(j) = j**3 - 4*j**2 - 9*j - 10. Let y be m(7). Calculate the remainder when 2*-1*y/(-4) is divided by 10.
7
Let l(y) = y**2 + 7*y - 4. Let d be l(-8). Suppose -d*p = -3*p - 10. Calculate the remainder when 28 is divided by p.
8
Suppose -62 = -2*d - 14. What is the remainder when d is divided by 9?
6
Suppose 2*a - 2 = -2*k - 2*a, -k + 5*a + 22 = 0. Calculate the remainder when 34 is divided by k.
6
Suppose p - 5*q - 18 = -0*p, 4*p - q - 110 = 0. What is the remainder when 83 is divided by p?
27
Let b(q) = 3*q + q**3 - 3*q - 4 + 5*q + 6*q**2. What is the remainder when b(-4) is divided by 5?
3
Suppose -3*z + 31 = 4. What is the remainder when 17 is divided by z?
8
Let v(b) = 5*b - 12. Suppose 6*a = 7*a - 2. Suppose 6*i = a*i + 40. Calculate the remainder when v(10) is divided by i.
8
Suppose 1 = 5*v - 4. Let w be (v/(-2))/((-2)/236). Suppose 3*o = 13 + w. Calculate the remainder when o is divided by 13.
11
Calculate the remainder when ((-276)/10)/(6/(-15)) is divided by 18.
15
Suppose -20 = -6*q + 2*q. Suppose 0 = 3*o - o - 3*o. Suppose -q*l = -3*y - 47, -l - 3*y - 2*y - 13 = o. What is the remainder when 13 is divided by l?
6
Let o = 1 + 7. What is the remainder when 21 is divided by o?
5
Let l(b) = 15*b**2 + b + 2. Let i(u) = -2*u**2 - 5*u - 3. Let f be i(-2). Calculate the remainder when 94 is divided by l(f).
14
Suppose -4*p = -3*l + l + 18, 5*p + 4*l - 10 = 0. Let c = p + 9. Calculate the remainder when 324/c + (-2)/7 is divided by 24.
22
Suppose 30 = 4*j + p + 1, 4*j - 49 = -5*p. Suppose -95 = -11*i + j*i. What is the remainder when i is divided by 10?
9
Suppose 4*x - 12 = 8. Let k(h) = 2*h - 5. What is the remainder when 13 is divided by k(x)?
3
Let i = -3 - -7. Suppose i*r - r - 24 = 0. Let m = -13 + 18. Calculate the remainder when r is divided by m.
3
Let q(h) = h**2 + 2*h - 9. Let t(r) = r**2 + 2*r - 10. Let d(u) = 5*q(u) - 4*t(u). What is the remainder when 18 is divided by d(-5)?
8
Let s(y) = y**3 - 3*y**2 - 16*y + 7. What is the remainder when s(6) is divided by 9?
1
Suppose -3*o + 108 = 3*y, 0 = -4*o - 3*y - 36 + 176. Calculate the remainder when o is divided by 11.
10
Let m(o) = 4*o + 13. Let x be m(-9). Let i = -14 - x. Calculate the remainder when 33 is divided by i.
6
Let w = -1 - -8. Suppose -5*s + 12 = -23. Let r = s + -4. What is the remainder when w is divided by r?
1
Suppose p = -0*p. Suppose 33 = -0*t + t + 3*v, p = 3*t + v - 123. What is the remainder when t is divided by 11?
9
Suppose -2*g - 2*n = 4, g + 4*n = -g - 14. Let q(b) = -5*b**3 + 2*b**2 - b - 4*b**2 + 2*b**g. What is the remainder when q(-2) is divided by 10?
8
Suppose 54 = -3*k + 6*k. Let q(p) = 9*p**3 + 2*p**2 - 1. Let d = 0 - -1. What is the remainder when k is divided by q(d)?
8
Let l = 59 - 16. Calculate the remainder when l is divided by 22.
21
Suppose -45 = -f - 2*i, -i - 114 = -0*f - 3*f. What is the remainder when f is divided by 12?
3
Let d(i) = -20*i - 7. Let v(c) = 13*c + 5. Let a(z) = 5*d(z) + 8*v(z). What is the remainder when a(11) is divided by 25?
24
Let v(b) = 10*b**2 - b. Suppose 69 = 3*i - 3*x, -4*x + x = -i + 31. Calculate the remainder when i is divided by v(-1).
8
Let u(d) = 3*d**2 - 2*d - 1. Let c = -8 + 12. What is the remainder when u(-2) is divided by c?
3
Let p(h) = 303*h**3 + h**2 + h + 1. Let x be p(-1). Let f = 435 + x. Let c = f + -58. What is the remainder when c is divided by 19?
18
Suppose 0*a - 2*a + 4 = 0. What is the remainder when 5*(-2 + 6 + -2) is divided by a + 1 + (2 - -1)?
4
Suppose 4*b - 3 - 13 = 0. Let z = 16 - 1. What is the remainder when z is divided by b?
3
Suppose -20 + 4 = -o - 2*c, -3*o + 56 = -2*c. What is the remainder when o is divided by 5?
3
What is the remainder when 17 is divided by (-22)/(-4) - 5/(-10)?
5
Let l = 8 - 12. Calculate the remainder when (-3 - 31)/(l/2) is divided by 5.
2
Let s(l) = -l**2 + 6*l + 7. Let m(v) = -8*v - 1. Suppose -2*n + 2*u + 4 = 0, 2*n = 4*u - 8*u - 26. What is the remainder when m(n) is divided by s(5)?
11
Let y = -8 - -11. Calculate the remainder when y is divided by 3.
0
Suppose 0 = 3*c + w - 212, -4*c - 3*w = -7*c + 204. Let v be (1 + 2/(-6))*6. What is the remainder when c is divided by 95/v + 4/16?
22
Let w = 325 + -194. What is the remainder when w is divided by 33?
32
Let j = 9 - 0. Let x be (0 + 0)/((-4)/2). Calculate the remainder when 50/4*(x + 2) is divided by j.
7
Let n = 6 - 8. Let p = 0 - n. Suppose p*r - 3*y = 28, -3*r + 3*y + 48 = -0*y. What is the remainder when r is divided by 11?
9
Let g(j) = -j**2 - j + 11. Let k = -18 + 25. Let o = 27 - k. What is the remainder when o is divided by g(0)?
9
Let o(n) = 0*n**3 + 0*n + n + 3*n**3. Let r(a) = a**2 - 5*a - 63. Calculate the remainder when o(1) is divided by r(-6).
1
Let t(p) = p**2 + 3*p - 5. What is the remainder when 23 is divided by t(3)?
10
Suppose -10*n = -12*n + 6. Calculate the remainder when 7 is divided by n.
1
Suppose -4*c = -2*h + 10 - 0, 0 = -2*c - 2*h - 20. Let q = -3 - c. Suppose 2*s - r - q*r = 39, -3*r - 87 = -4*s. Calculate the remainder when s is divided by 9.
6
Calculate the remainder when 15 is divided by 0 + 5 - (-1 + 2).
3
Suppose -5*k + 2*g = -442, 4*g = -k + 134 - 28. What is the remainder when k is divided by 23?
21
Let j be 0 - -3*(-2)/(-3). Let o(r) = 3*r. Let q be o(1). Suppose -3*u = -j*l - 49, 3*l - 12 = q*u - 57. Calculate the remainder when 56 is divided by u.
18
Suppose 3*i + 21 = 60. What is the remainder when 18/(-42) - 255/(-7) is divided by i?
10
Let b(x) = 2*x**2 + 2*x - 3. Let k = -9 - -5. What is the remainder when 61 is divided by b(k)?
19
Calculate the remainder when 68 is divided by 2*(-4 + 3 + 10).
14
Suppose 2*c + c + 3 = -2*j, 2*j = -5*c - 13. What is the remainder when 23 is divided by j?
5
Let v(z) = z**3 - 3*z**2 + 4*z - 3. Let w be v(4). Suppose 0*a = -4*a - 16, w = 3*r + 4*a. Calculate the remainder when r is divided by 8.
7
Suppose 7*u = 12*u - 105. What is the remainder when 80 is divided by u?
17
Let y = 155 + -117. Calculate the remainder when y is divided by 13.
12
Suppose -6*h + 90 = -0*h. What is the remainder when 44 is divided by h?
14
Let g(z) = -z**3 - 11*z**2 + 3*z - 1. Calculate the remainder when g(-12) is divided by 22.
19
Let p be -1 + (12 - -1) + 0. Suppose -2*d - p + 40 = 4*s, -24 = -4*s - d. Calculate the remainder when 14 is divided by s.
4
Let f(a) = a**2 - a + 31. What is the remainder when f(0) is divided by 11?
9
Suppose 6*j + 0*j = 330. What is the remainder when j is divided by 16?
7
Suppose -5*l = -2*s - 0*s - 331, -2*l - 4*s + 118 = 0. Calculate the remainder when l is divided by 11.
10
Let p be 3 + 2 + (2 - 6). Let y = 10 + p. What is the remainder when 30 is divided by y?
8
Let x = 16 - -3. Let p(g) = -g**2 - 11*g + 22. Calculate the remainder when x is divided by p(-12).
9
Suppose -4*u + 4*f = -160, u + f = -3*u + 155. What is the remainder when u is divided by 14?
11
Calculate the remainder when -60*3/(-5)*80/64 is divided by 11.
1
Let d = 96 - 54. What is the remainder when d is divided by 9?
6
Suppose 8 = -2*q - 6*w + 3*w, -3*w = -4*q - 34. Let h = q + 12. What is the remainder when h is divided by 2?
1
Calculate the remainder when (-3 + (-124)/(-4))*1 is divided by 15.
13
Let f = 9 - 4. Suppose 2*m + 2*m = -f*y + 31, 3*m - 28 = y. Suppose 0 = 4*z - m + 1. Calculate the remainder when 2 is divided by z.
0
Suppose 4*n + 0*b - 3*b = 234, 0 = -5*n + 5*b + 295. What is the remainder when n is divided by 29?
28
Suppose 5*l - 155 - 445 = 0. Suppose -4*a + l = -4*t, -4*t = -2*a - 11 + 73. What is the remainder when a is divided by 14 - 2/4*-2?
14
Let t(x) = 9*x**3 - x. Suppose -q + 11 = 2*l, -2*l - 1 = -q - 2. What is the remainder when t(1) is divided by q?
3
Let u = -47 + 67. Let o be 2/4*(3 - 9). Let m(j) = j**3 + 4*j**2 - j - 1. Calculate the remainder when u is divided by m(o).
9
Suppose -8 = 2*y, -c + 0*y - 11 = 4*y. Suppose 4*u - c*u = -3*z - 36, 5*u = z + 208. What is the remainder when u is divided by 11?
9
Suppose -5*w - 30 = -8*w. What is the remainder when 26 is divided by w?
6
Let a = 86 + -29. Suppose a = 2*d - 1. What is the remainder when d is divided by 15?
14
Let r = 17 + -6. Calculate the remainder when r is divided by 7.
4
Calculate th